{"id":404,"date":"2024-03-28T23:13:04","date_gmt":"2024-03-28T16:13:04","guid":{"rendered":"http:\/\/thegioitudong.vn\/?post_type=product&#038;p=404"},"modified":"2024-03-29T05:24:12","modified_gmt":"2024-03-28T22:24:12","slug":"thiet-bi-thu-do-ben-mang-nhua","status":"publish","type":"product","link":"https:\/\/thegioitudong.vn\/?product=thiet-bi-thu-do-ben-mang-nhua","title":{"rendered":"Thi\u1ebft b\u1ecb th\u1eed \u0111\u1ed9 b\u1ec1n m\u00e0ng nh\u1ef1a"},"content":{"rendered":"\t\t<div data-elementor-type=\"wp-post\" data-elementor-id=\"404\" class=\"elementor elementor-404\">\n\t\t\t\t<div class=\"elementor-element elementor-element-7057b0d5 e-flex e-con-boxed wpr-particle-no wpr-jarallax-no wpr-parallax-no wpr-sticky-section-no e-con e-parent\" data-id=\"7057b0d5\" data-element_type=\"container\" data-core-v316-plus=\"true\">\n\t\t\t\t\t<div class=\"e-con-inner\">\n\t\t\t\t<div class=\"elementor-element elementor-element-6a49153f elementor-widget elementor-widget-text-editor\" data-id=\"6a49153f\" data-element_type=\"widget\" data-widget_type=\"text-editor.default\">\n\t\t\t\t<div class=\"elementor-widget-container\">\n\t\t\t<style>\/*! elementor - v3.20.0 - 26-03-2024 *\/\n.elementor-widget-text-editor.elementor-drop-cap-view-stacked .elementor-drop-cap{background-color:#69727d;color:#fff}.elementor-widget-text-editor.elementor-drop-cap-view-framed .elementor-drop-cap{color:#69727d;border:3px solid;background-color:transparent}.elementor-widget-text-editor:not(.elementor-drop-cap-view-default) .elementor-drop-cap{margin-top:8px}.elementor-widget-text-editor:not(.elementor-drop-cap-view-default) .elementor-drop-cap-letter{width:1em;height:1em}.elementor-widget-text-editor .elementor-drop-cap{float:left;text-align:center;line-height:1;font-size:50px}.elementor-widget-text-editor .elementor-drop-cap-letter{display:inline-block}<\/style>\t\t\t\tThi\u1ebft b\u1ecb n\u00e0y d\u00f9ng \u0111\u1ec3 th\u1eed nghi\u1ec7m \u0111\u1ed9 b\u1ec1n c\u1ee7a m\u00e0ng nh\u1ef1a\t\t\t\t\t\t<\/div>\n\t\t\t\t<\/div>\n\t\t\t\t\t<\/div>\n\t\t\t\t<\/div>\n\t\t\t\t<\/div>\n\t\t","protected":false},"excerpt":{"rendered":"<p>Thi\u1ebft b\u1ecb n\u00e0y d\u00f9ng \u0111\u1ec3 th\u1eed nghi\u1ec7m \u0111\u1ed9 b\u1ec1n c\u1ee7a m\u00e0ng nh\u1ef1a<\/p>\n","protected":false},"featured_media":411,"comment_status":"open","ping_status":"closed","template":"","meta":[],"product_cat":[15],"product_tag":[],"class_list":{"0":"post-404","1":"product","2":"type-product","3":"status-publish","4":"has-post-thumbnail","6":"product_cat-uncategorized","7":"entry","9":"first","10":"instock","11":"shipping-taxable","12":"product-type-simple"},"_links":{"self":[{"href":"https:\/\/thegioitudong.vn\/index.php?rest_route=\/wp\/v2\/product\/404","targetHints":{"allow":["GET"]}}],"collection":[{"href":"https:\/\/thegioitudong.vn\/index.php?rest_route=\/wp\/v2\/product"}],"about":[{"href":"https:\/\/thegioitudong.vn\/index.php?rest_route=\/wp\/v2\/types\/product"}],"replies":[{"embeddable":true,"href":"https:\/\/thegioitudong.vn\/index.php?rest_route=%2Fwp%2Fv2%2Fcomments&post=404"}],"version-history":[{"count":3,"href":"https:\/\/thegioitudong.vn\/index.php?rest_route=\/wp\/v2\/product\/404\/revisions"}],"predecessor-version":[{"id":409,"href":"https:\/\/thegioitudong.vn\/index.php?rest_route=\/wp\/v2\/product\/404\/revisions\/409"}],"wp:featuredmedia":[{"embeddable":true,"href":"https:\/\/thegioitudong.vn\/index.php?rest_route=\/wp\/v2\/media\/411"}],"wp:attachment":[{"href":"https:\/\/thegioitudong.vn\/index.php?rest_route=%2Fwp%2Fv2%2Fmedia&parent=404"}],"wp:term":[{"taxonomy":"product_cat","embeddable":true,"href":"https:\/\/thegioitudong.vn\/index.php?rest_route=%2Fwp%2Fv2%2Fproduct_cat&post=404"},{"taxonomy":"product_tag","embeddable":true,"href":"https:\/\/thegioitudong.vn\/index.php?rest_route=%2Fwp%2Fv2%2Fproduct_tag&post=404"}],"curies":[{"name":"wp","href":"https:\/\/api.w.org\/{rel}","templated":true}]}}